48.
6
What is the remainder when 279043 is divided by 689?
687
What is the remainder when 60128 is divided by 51?
50
Calculate the remainder when 2110 is divided by 121.
53
Calculate the remainder when 14066 is divided by 1082.
0
Calculate the remainder when 10976 is divided by 2741.
12
What is the remainder when 57502 is divided by 1155?
907
What is the remainder when 35958 is divided by 78?
0
What is the remainder when 7506265 is divided by 30?
25
What is the remainder when 73701 is divided by 24567?
0
Calculate the remainder when 111521 is divided by 49.
46
What is the remainder when 2182 is divided by 277?
243
Calculate the remainder when 1187 is divided by 64.
35
What is the remainder when 12757 is divided by 93?
16
What is the remainder when 67643 is divided by 33806?
31
Calculate the remainder when 3894 is divided by 1162.
408
What is the remainder when 627222 is divided by 266?
260
What is the remainder when 8079 is divided by 153?
123
Calculate the remainder when 183572 is divided by 423.
413
Calculate the remainder when 47991 is divided by 1066.
21
Calculate the remainder when 8281 is divided by 2742.
55
What is the remainder when 411 is divided by 184?
43
What is the remainder when 2844 is divided by 23?
15
What is the remainder when 1026876 is divided by 256717?
8
What is the remainder when 76607 is divided by 42?
41
What is the remainder when 245125 is divided by 40853?
7
What is the remainder when 38324 is divided by 38212?
112
Calculate the remainder when 457925 is divided by 62.
55
Calculate the remainder when 78149 is divided by 8674.
83
What is the remainder when 11234 is divided by 11232?
2
What is the remainder when 13765 is divided by 15?
10
Calculate the remainder when 265206 is divided by 53038.
16
Calculate the remainder when 46486 is divided by 15492.
10
Calculate the remainder when 5793 is divided by 69.
66
What is the remainder when 112596 is divided by 294?
288
Calculate the remainder when 1347505 is divided by 108.
97
What is the remainder when 2409 is divided by 791?
36
Calculate the remainder when 44204 is divided by 48.
44
What is the remainder when 16429 is divided by 530?
529
Calculate the remainder when 10878 is divided by 591.
240
What is the remainder when 389015 is divided by 84?
11
What is the remainder when 42469 is divided by 137?
136
Calculate the remainder when 2555023 is divided by 641.
638
What is the remainder when 38215 is divided by 3183?
19
Calculate the remainder when 562525 is divided by 19.
11
Calculate the remainder when 78489 is divided by 26156.
21
What is the remainder when 250439 is divided by 428?
59
What is the remainder when 2726 is divided by 304?
294
Calculate the remainder when 1299 is divided by 1275.
24
Calculate the remainder when 18850 is divided by 161.
13
What is the remainder when 15710 is divided by 7835?
40
Calculate the remainder when 10491 is divided by 807.
0
Calculate the remainder when 25429 is divided by 159.
148
What is the remainder when 65656 is divided by 302?
122
Calculate the remainder when 8904 is divided by 146.
144
What is the remainder when 5640 is divided by 91?
89
What is the remainder when 5843246 is divided by 1325?
1321
What is the remainder when 1098 is divided by 839?
259
Calculate the remainder when 539 is divided by 77.
0
What is the remainder when 160778 is divided by 160767?
11
What is the remainder when 4229 is divided by 1380?
89
What is the remainder when 2138 is divided by 403?
123
Calculate the remainder when 484 is divided by 128.
100
What is the remainder when 4330 is divided by 1047?
142
Calculate the remainder when 871191 is divided by 354.
351
What is the remainder when 1504295 is divided by 33?
23
What is the remainder when 113347 is divided by 5149?
69
Calculate the remainder when 3380 is divided by 1081.
137
Calculate the remainder when 18034 is divided by 11.
5
Calculate the remainder when 271 is divided by 35.
26
What is the remainder when 1357 is divided by 806?
551
Calculate the remainder when 2989 is divided by 735.
49
Calculate the remainder when 15199 is divided by 7581.
37
Calculate the remainder when 88880 is divided by 1058.
8
What is the remainder when 42374 is divided by 10593?
2
Calculate the remainder when 17251 is divided by 38.
37
What is the remainder when 3870 is divided by 1869?
132
What is the remainder when 30291 is divided by 30278?
13
What is the remainder when 8990 is divided by 14?
2
What is the remainder when 15653 is divided by 41?
32
What is the remainder when 10035 is divided by 124?
115
Calculate the remainder when 40637 is divided by 164.
129
What is the remainder when 8553 is divided by 528?
105
Calculate the remainder when 274046 is divided by 501.
500
What is the remainder when 138523 is divided by 624?
619
What is the remainder when 891660 is divided by 222915?
0
Calculate the remainder when 8010086 is divided by 435.
431
Calculate the remainder when 462943 is divided by 154301.
40
Calculate the remainder when 397260 is divided by 31.
26
What is the remainder when 3760 is divided by 23?
11
What is the remainder when 4475 is divided by 131?
21
Calculate the remainder when 2157 is divided by 701.
54
What is the remainder when 20446 is divided by 62?
48
Calculate the remainder when 1020 is divided by 84.
12
Calculate the remainder when 12757 is divided by 1392.
229
Calculate the remainder when 75426 is divided by 235.
226
Calculate the remainder when 1139207 is divided by 727.
725
What is the remainder when 17706 is divided by 1098?
138
What is the remainder when 5915 is divided by 6?
5
Calculate the remainder when 14696 is divided by 491.
457
What is the remainder when 103078 is divided by 14723?
17
Calculate the remainder when 144055 is divided by 7.
2
Calculate the remainder when 9221 is divided by 579.
536
What is the remainder when 1595 is divided by 207?
146
What is the remainder when 12076 is divided by 51?
40
What is the remainder when 663496 is divided by 18?
16
What is the remainder when 37028 is divided by 12336?
20
Calculate the remainder when 699679 is divided by 258.
241
Calculate the remainder when 20953 is divided by 427.
30
What is the remainder when 120 is divided by 109?
11
Calculate the remainder when 213251 is divided by 13.
12
What is the remainder when 153399 is divided by 12782?
15
What is the remainder when 759 is divided by 189?
3
What is the remainder when 278 is divided by 263?
15
Calculate the remainder when 22087 is divided by 2453.
10
Calculate the remainder when 13590 is divided by 2.
0
What is the remainder when 47742 is divided by 18?
6
What is the remainder when 667 is divided by 163?
15
What is the remainder when 2367991 is divided by 34?
27
Calculate the remainder when 15835 is divided by 3954.
19
Calculate the remainder when 21217 is divided by 103.
102
What is the remainder when 180660 is divided by 36130?
10
What is the remainder when 3436 is divided by 134?
86
What is the remainder when 23212 is divided by 966?
28
Calculate the remainder when 385264 is divided by 385252.
12
Calculate the remainder when 29363 is divided by 154.
103
Calculate the remainder when 772 is divided by 138.
82
Calculate the remainder when 9648 is divided by 512.
432
What is the remainder when 27825 is divided by 409?
13
What is the remainder when 54601 is divided by 22?
19
Calculate the remainder when 1196 is divided by 398.
2
What is the remainder when 19966 is divided by 48?
46
What is the remainder when 46306 is divided by 3281?
372
What is the remainder when 5522 is divided by 1735?
317
What is the remainder when 227832 is divided by 192?
120
What is the remainder when 1074 is divided by 338?
60
What is the remainder when 524778 is divided by 19?
17
Calculate the remainder when 918084 is divided by 223.
216
What is the remainder when 4994 is divided by 1634?
92
Calculate the remainder when 6802 is divided by 81.
79
What is the remainder when 262496 is divided by 26?
0
What is the remainder when 60475 is divided by 637?
597
Calculate the remainder when 1507 is divided by 341.
143
Calculate the remainder when 6318 is divided by 2858.
602
Calculate the remainder when 53266 is divided by 37.
23
Calculate the remainder when 1641 is divided by 274.
271
What is the remainder when 16010